84554.
2, 118942277
List the prime factors of 173519059.
7, 31, 59, 13553
What are the prime factors of 967631161?
7, 127, 1088449
What are the prime factors of 47947254?
2, 3, 7991209
What are the prime factors of 5696334924?
2, 3, 7, 401, 169111
What are the prime factors of 66443216?
2, 7, 12107
List the prime factors of 53661796.
2, 13415449
List the prime factors of 415568194.
2, 379, 548243
What are the prime factors of 182793139?
182793139
What are the prime factors of 636754997?
6163, 103319
List the prime factors of 2585728915.
5, 7, 11, 719, 9341
List the prime factors of 189176498.
2, 7, 139, 97213
What are the prime factors of 47279080?
2, 5, 467, 2531
What are the prime factors of 285620656?
2, 433, 41227
List the prime factors of 2097249313.
2097249313
What are the prime factors of 11700822?
2, 3, 7, 278591
What are the prime factors of 1750522827?
3, 17, 34323977
List the prime factors of 782789583.
3, 131, 1301, 1531
List the prime factors of 1870313422.
2, 269, 3476419
What are the prime factors of 1241008?
2, 77563
What are the prime factors of 1008794209?
53, 193, 98621
List the prime factors of 1709355084.
2, 3, 157, 907301
List the prime factors of 290536217.
193, 1505369
What are the prime factors of 592634096?
2, 163, 223, 1019
List the prime factors of 96976571.
96976571
List the prime factors of 65201452.
2, 67, 113, 2153
List the prime factors of 85331599.
85331599
What are the prime factors of 6904000340?
2, 5, 345200017
What are the prime factors of 22640194?
2, 11320097
What are the prime factors of 4936215?
3, 5, 329081
List the prime factors of 193680155.
5, 38736031
List the prime factors of 114206795.
5, 22841359
What are the prime factors of 430364103?
3, 13, 31, 355967
List the prime factors of 426223317.
3, 13, 10928803
List the prime factors of 22796820.
2, 3, 5, 41, 3089
What are the prime factors of 301260285?
3, 5, 6694673
What are the prime factors of 434744683?
434744683
List the prime factors of 431775893.
19, 151, 150497
List the prime factors of 2752404241.
61, 45121381
List the prime factors of 523811586.
2, 3, 149, 585919
What are the prime factors of 121359315?
3, 5, 7, 11, 179, 587
What are the prime factors of 2790332858?
2, 101, 1747, 7907
List the prime factors of 892392353.
6367, 140159
List the prime factors of 1275391587.
3, 19, 839, 26669
What are the prime factors of 9279461?
59, 157279
List the prime factors of 134531747.
7, 19218821
What are the prime factors of 1303763588?
2, 263, 1239319
List the prime factors of 46224705.
3, 5, 839, 3673
List the prime factors of 1016613571.
71, 14318501
What are the prime factors of 154742598?
2, 3, 8596811
List the prime factors of 814669423.
683, 1192781
List the prime factors of 3829591.
373, 10267
List the prime factors of 49684935.
3, 5, 1667, 1987
List the prime factors of 1414287207.
3, 157143023
List the prime factors of 308123468.
2, 257, 299731
List the prime factors of 38694494.
2, 1531, 12637
List the prime factors of 12542587.
29, 432503
What are the prime factors of 265759508?
2, 7, 449, 21139
List the prime factors of 4428325186.
2, 1279, 1731167
What are the prime factors of 438208979?
13, 373, 90371
What are the prime factors of 578983376?
2, 29, 179, 6971
What are the prime factors of 223995434?
2, 13, 17, 229, 2213
List the prime factors of 1020740373.
3, 12601733
List the prime factors of 975305250.
2, 3, 5, 433469
What are the prime factors of 38802073?
38802073
What are the prime factors of 40690649?
40690649
List the prime factors of 694178217.
3, 77130913
What are the prime factors of 2037011456?
2, 839, 2371
List the prime factors of 984929930.
2, 5, 98492993
What are the prime factors of 153178966?
2, 73, 1049171
What are the prime factors of 171746896?
2, 37, 290113
What are the prime factors of 133966764?
2, 3, 509, 2437
List the prime factors of 138527651.
19, 283, 25763
List the prime factors of 130567483.
29, 4502327
What are the prime factors of 848868257?
31, 1987, 13781
List the prime factors of 87481243.
283, 309121
List the prime factors of 1295610300.
2, 3, 5, 191, 7537
What are the prime factors of 1729686015?
3, 5, 12812489
List the prime factors of 947421274.
2, 227, 2086831
List the prime factors of 414813455.
5, 7, 11851813
List the prime factors of 537688354.
2, 7, 5167, 7433
What are the prime factors of 18361176?
2, 3, 23, 29, 31, 37
List the prime factors of 379751025.
3, 5, 79, 107, 599
What are the prime factors of 9722540?
2, 5, 29, 16763
List the prime factors of 137022857.
103, 541, 2459
What are the prime factors of 58141229?
223, 260723
List the prime factors of 1815717591.
3, 199, 383, 2647
What are the prime factors of 49872094?
2, 173, 144139
What are the prime factors of 1432103998?
2, 13, 55080923
List the prime factors of 35266942.
2, 17, 53, 19571
What are the prime factors of 6024035192?
2, 7, 1669, 64453
List the prime factors of 7217257879.
13, 449, 1236467
List the prime factors of 358737064.
2, 7, 1283, 4993
What are the prime factors of 95135839?
101, 467, 2017
List the prime factors of 692682483.
3, 230894161
List the prime factors of 2268867540.
2, 3, 5, 37814459
What are the prime factors of 1022672876?
2, 17, 947, 15881
List the prime factors of 355691413.
7, 11, 941, 4909
What are the prime factors of 236994561?
3, 113, 467, 499
List the prime factors of 72227060.
2, 5, 89, 40577
List the prime factors of 3264068677.
173, 18867449
What are the prime factors of 755517711?
3, 13, 181, 8233
What are the prime factors of 753131170?
2, 5, 11, 6846647
What are the prime factors of 415453033?
3623, 114671
What are the prime factors of 112965819?
3, 67, 562019
List the prime factors of 1242367694.
2, 621183847
List the prime factors of 8874169.
8874169
List the prime factors of 274021062.
2, 3, 7, 17, 223, 1721
List the prime factors of 861861435.
3, 5, 3109, 18481
List the prime factors of 59830399.
59830399
What are the prime factors of 840959993?
840959993
List the prime factors of 6193387180.
2, 5, 43, 89, 80917
What are the prime factors of 798117195?
3, 5, 37, 43, 53, 631
List the prime factors of 352735087.
53, 6655379
List the prime factors of 184919827.
184919827
List the prime factors of 7132098355.
5, 37, 109, 353687
What are the prime factors of 33752279?
11, 137, 22397
What are the prime factors of 119856228?
2, 3, 601, 16619
What are the prime factors of 45497566?
2, 22748783
List the prime factors of 2872208516.
2, 631, 1137959
List the prime factors of 47025325.
5, 109, 17257
List the prime factors of 95786499.
3, 43, 742531
What are the prime factors of 2011117166?
2, 37, 27177259
List the prime factors of 130372957.
11, 13, 157, 5807
What are the prime factors of 5291901947?
20719, 255413
List the prime factors of 59646786.
2, 3, 137, 149, 487
List the prime factors of 554055994.
2, 31, 8936387
List the prime factors of 53888970.
2, 3, 5, 839, 2141
What are the prime factors of 23197215?
3, 5, 269, 5749
What are the prime factors of 134783013?
3, 23, 569, 3433
What are the prime factors of 96132808?
2, 37, 324773
What are the prime factors of 72382573?
72382573
What are the prime factors of 116114490?
2, 3, 5, 1290161
List the prime factors of 300456129.
3, 2027, 49409
List the prime factors of 6334610.
2, 5, 633461
List the prime factors of 15410911.
15410911
What are the prime factors of 3172522601?
53, 59858917
List the prime factors of 210735713.
89, 2367817
List the prime factors of 72399777.
3, 24133259
What are the prime factors of 2591049447?
3, 7, 41127769
List the prime factors of 51203385.
3, 5, 19, 59887
What are the prime factors of 430484752?
2, 1289, 20873
What are the prime factors of 3203384870?
2, 5, 7, 2953, 15497
List the prime factors of 180192019.
7, 25741717
What are the prime factors of 152578663?
43, 89, 39869
What are the prime factors of 3024957205?
5, 67, 9029723
List the prime factors of 6969255.
3, 5, 464617
What are the prime factors of 3035217889?
11, 59, 4676761
What are the prime factors of 104610485?
5, 7, 19, 47, 3347
List the prime factors of 37562051.
79, 475469
List the prime factors of 405258263.
1031, 393073
List the prime factors of 404352186.
2, 3, 7, 19, 47, 10781
What are the prime factors of 1042810452?
2, 3, 28966957
